{"id":97,"date":"2023-08-14T14:54:31","date_gmt":"2023-08-14T12:54:31","guid":{"rendered":"https:\/\/beta.sem.admin.ch\/selfcheck\/?page_id=97"},"modified":"2024-01-30T18:01:52","modified_gmt":"2024-01-30T17:01:52","slug":"feedback","status":"publish","type":"page","link":"https:\/\/beta.sem.admin.ch\/selfcheck\/feedback\/","title":{"rendered":"Feedback"},"content":{"rendered":"<div class=\"gb-container gb-container-17936821 gb-container-c5638dae\"><\/div>\n\n<div class=\"gb-container gb-container-55245276 gb-container-7f1754a8\">\n\n<p>Aktuell findet die Pilotphase des Self-Checks Einb\u00fcrgerung statt. Der Prototyp Self-Check Einb\u00fcrgerung informiert in wenigen Klicks, ob die wichtigsten Kriterien f\u00fcr eine erleichterte Einb\u00fcrgerung erf\u00fcllt sind.<\/p>\n\n\n\n<p>Mit dem Self-Check beabsichtigt das SEM<\/p>\n\n\n\n<ul class=\"wp-block-list\">\n<li>einb\u00fcrgerungsinteressierte Personen einfacher und schneller zu informieren<\/li>\n\n\n\n<li>Routineanfragen rasch und zielgerichtet zu beantworten<\/li>\n\n\n\n<li>die digitale Transformation des Amtes mit einem ersten Schritt in Richtung digitalisiertes Einb\u00fcrgerungsverfahren anzustossen<\/li>\n<\/ul>\n\n\n\n<p class=\"gb-headline gb-headline-94061136 gb-headline-text gb-headline-595d3662\">Die Teilnahme ist ohne Angabe Ihrer Personendaten m\u00f6glich. Ihre Antworten\/R\u00fcckmeldungen haben keinen Einfluss auf ein allf\u00e4lliges Einb\u00fcrgerungsverfahren.<\/p>\n\n\n<div class=\"gb-container gb-container-7da6426f\">\n\n<h2 class=\"gb-headline gb-headline-4af3c7be gb-headline-text gb-headline-f649d55c\"><br><strong>Ihre Meinung ist uns wichtig<\/strong>. Wie k\u00f6nnen wir den Self-Check Einb\u00fcrgerung verbessern?<\/h2>\n\n\n\n<a class=\"gb-button gb-button-740756bd gb-button-text gb-button-303b01f0\" href=\"https:\/\/www.survey.sem.admin.ch\/index.php\/485311?lang=de\" target=\"_blank\" rel=\"noopener noreferrer\">Feedback geben<\/a>\n\n<\/div>\n<\/div>","protected":false},"excerpt":{"rendered":"<p>Aktuell findet die Pilotphase des Self-Checks Einb\u00fcrgerung statt. Der Prototyp Self-Check Einb\u00fcrgerung informiert in wenigen Klicks, ob die wichtigsten Kriterien f\u00fcr eine erleichterte Einb\u00fcrgerung erf\u00fcllt sind. Mit dem Self-Check beabsichtigt das SEM Die Teilnahme ist ohne Angabe Ihrer Personendaten m\u00f6glich. Ihre Antworten\/R\u00fcckmeldungen haben keinen Einfluss auf ein allf\u00e4lliges Einb\u00fcrgerungsverfahren.<\/p>\n","protected":false},"author":1,"featured_media":0,"parent":0,"menu_order":0,"comment_status":"closed","ping_status":"closed","template":"","meta":{"_acf_changed":false,"footnotes":""},"class_list":["post-97","page","type-page","status-publish"],"acf":[],"_links":{"self":[{"href":"https:\/\/beta.sem.admin.ch\/selfcheck\/wp-json\/wp\/v2\/pages\/97","targetHints":{"allow":["GET"]}}],"collection":[{"href":"https:\/\/beta.sem.admin.ch\/selfcheck\/wp-json\/wp\/v2\/pages"}],"about":[{"href":"https:\/\/beta.sem.admin.ch\/selfcheck\/wp-json\/wp\/v2\/types\/page"}],"author":[{"embeddable":true,"href":"https:\/\/beta.sem.admin.ch\/selfcheck\/wp-json\/wp\/v2\/users\/1"}],"replies":[{"embeddable":true,"href":"https:\/\/beta.sem.admin.ch\/selfcheck\/wp-json\/wp\/v2\/comments?post=97"}],"version-history":[{"count":8,"href":"https:\/\/beta.sem.admin.ch\/selfcheck\/wp-json\/wp\/v2\/pages\/97\/revisions"}],"predecessor-version":[{"id":4596,"href":"https:\/\/beta.sem.admin.ch\/selfcheck\/wp-json\/wp\/v2\/pages\/97\/revisions\/4596"}],"wp:attachment":[{"href":"https:\/\/beta.sem.admin.ch\/selfcheck\/wp-json\/wp\/v2\/media?parent=97"}],"curies":[{"name":"wp","href":"https:\/\/api.w.org\/{rel}","templated":true}]}}