{"id":93,"date":"2023-08-14T14:52:10","date_gmt":"2023-08-14T12:52:10","guid":{"rendered":"https:\/\/beta.sem.admin.ch\/selfcheck\/?page_id=93"},"modified":"2024-01-31T15:24:48","modified_gmt":"2024-01-31T14:24:48","slug":"impressum","status":"publish","type":"page","link":"https:\/\/beta.sem.admin.ch\/selfcheck\/impressum\/","title":{"rendered":"Impressum"},"content":{"rendered":"<div class=\"gb-container gb-container-a5444912 gb-container-c5638dae\"><\/div>\n\n<div class=\"gb-container gb-container-a8ae60b0 gb-container-7f1754a8\">\n\n<h2 class=\"gb-headline gb-headline-8dea8273 gb-headline-text gb-headline-46980c87\">Impressum<\/h2>\n\n\n\n<p>Self-Check Einb\u00fcrgerung, Pilotphase<br>\u00a9\ufe0f Staatssekretariat f\u00fcr Migration 2024<\/p>\n\n\n\n<p><strong>Herausgeber \/ Konzept und Entwicklung<\/strong><br>Staatssekretariat f\u00fcr Migration (SEM)<br>Quellenweg 6<br>CH-3003 Bern-Wabern<br>E-Mail: selfcheck@sem.admin.ch<br><a href=\"https:\/\/www.sem.admin.ch\/sem\/de\/home.html\" target=\"_blank\" rel=\"noreferrer noopener\">www.sem.admin.ch<\/a><\/p>\n\n\n\n<p class=\"gb-headline gb-headline-56e7271a gb-headline-text gb-headline-595d3662\">Rechtliche Grundlage sind die Artikel 8 Absatz 2 sowie 10 bis 11 des Regierungs- und Verwaltungsorganisationsgesetz (RVOG) und Artikel 57 des Bundesgesetz \u00fcber die Ausl\u00e4nderinnen und Ausl\u00e4nder und \u00fcber die Integration (AIG). Die datenschutzrechtliche Grundlage zur Bearbeitung von Personendaten, die Nutzende des Self-Check freiwillig abgeben, st\u00fctzt sich auf das Bundesgesetz \u00fcber den Datenschutz Artikel 34 Absatz 4 Buchstabe b (DSG).<\/p>\n\n\n\n<p class=\"gb-headline gb-headline-62090ba6 gb-headline-text gb-headline-595d3662\">Der Self-Check Einb\u00fcrgerung entstand im Rahmen des <a rel=\"noreferrer noopener\" href=\"https:\/\/www.innovationfellowship.ch\/\" target=\"_blank\">Innovation Fellowship der Bundesverwaltung<\/a>.<\/p>\n\n<\/div>","protected":false},"excerpt":{"rendered":"<p>Impressum Self-Check Einb\u00fcrgerung, Pilotphase\u00a9\ufe0f Staatssekretariat f\u00fcr Migration 2024 Herausgeber \/ Konzept und EntwicklungStaatssekretariat f\u00fcr Migration (SEM)Quellenweg 6CH-3003 Bern-WabernE-Mail: selfcheck@sem.admin.chwww.sem.admin.ch Rechtliche Grundlage sind die Artikel 8 Absatz 2 sowie 10 bis 11 des Regierungs- und Verwaltungsorganisationsgesetz (RVOG) und Artikel 57 des Bundesgesetz \u00fcber die Ausl\u00e4nderinnen und Ausl\u00e4nder und \u00fcber die Integration (AIG). Die datenschutzrechtliche Grundlage zur &#8230; <a title=\"Impressum\" class=\"read-more\" href=\"https:\/\/beta.sem.admin.ch\/selfcheck\/impressum\/\" aria-label=\"Mehr Informationen \u00fcber Impressum\">Weiterlesen<\/a><\/p>\n","protected":false},"author":1,"featured_media":0,"parent":0,"menu_order":0,"comment_status":"closed","ping_status":"closed","template":"","meta":{"_acf_changed":false,"footnotes":""},"class_list":["post-93","page","type-page","status-publish"],"acf":[],"_links":{"self":[{"href":"https:\/\/beta.sem.admin.ch\/selfcheck\/wp-json\/wp\/v2\/pages\/93","targetHints":{"allow":["GET"]}}],"collection":[{"href":"https:\/\/beta.sem.admin.ch\/selfcheck\/wp-json\/wp\/v2\/pages"}],"about":[{"href":"https:\/\/beta.sem.admin.ch\/selfcheck\/wp-json\/wp\/v2\/types\/page"}],"author":[{"embeddable":true,"href":"https:\/\/beta.sem.admin.ch\/selfcheck\/wp-json\/wp\/v2\/users\/1"}],"replies":[{"embeddable":true,"href":"https:\/\/beta.sem.admin.ch\/selfcheck\/wp-json\/wp\/v2\/comments?post=93"}],"version-history":[{"count":5,"href":"https:\/\/beta.sem.admin.ch\/selfcheck\/wp-json\/wp\/v2\/pages\/93\/revisions"}],"predecessor-version":[{"id":4622,"href":"https:\/\/beta.sem.admin.ch\/selfcheck\/wp-json\/wp\/v2\/pages\/93\/revisions\/4622"}],"wp:attachment":[{"href":"https:\/\/beta.sem.admin.ch\/selfcheck\/wp-json\/wp\/v2\/media?parent=93"}],"curies":[{"name":"wp","href":"https:\/\/api.w.org\/{rel}","templated":true}]}}