{"id":1333,"date":"2023-09-06T09:01:47","date_gmt":"2023-09-06T07:01:47","guid":{"rendered":"https:\/\/beta.sem.admin.ch\/selfcheck\/eeb000f\/"},"modified":"2024-01-30T11:05:48","modified_gmt":"2024-01-30T10:05:48","slug":"eeb000f","status":"publish","type":"page","link":"https:\/\/beta.sem.admin.ch\/selfcheck\/fr\/eeb000f\/","title":{"rendered":"eeb000f"},"content":{"rendered":"<div class=\"gb-container gb-container-23216296 gb-container-c5638dae\"><\/div>\n\n<div class=\"gb-container gb-container-42b784f9 gb-container-7f1754a8\">\n\n<h2 class=\"gb-headline gb-headline-0ca29c04 gb-headline-text gb-headline-595d3662\">La demande de naturalisation doit \u00eatre d\u00e9pos\u00e9e aupr\u00e8s de la <a href=\"https:\/\/www.eda.admin.ch\/eda\/fr\/dfae\/representations-et-conseils-pour-les-voyages\/schweizer-vertretungen-im-ausland.html\" data-type=\"link\" data-id=\"https:\/\/www.eda.admin.ch\/eda\/fr\/dfae\/representations-et-conseils-pour-les-voyages\/schweizer-vertretungen-im-ausland.html\" target=\"_blank\" rel=\"noreferrer noopener\">repr\u00e9sentation suisse \u00e0 l&rsquo;\u00e9tranger<\/a>. Le SEM ne met pas de formulaire de demande \u00e0 disposition.<\/h2>\n\n\n<div class=\"gb-container gb-container-7da6426f\">\n\n<h2 class=\"gb-headline gb-headline-4af3c7be gb-headline-text gb-headline-f649d55c\"><br><strong>Votre avis est important pour nous<\/strong>. Comment pourrions-nous am\u00e9liorer l\u2019\u00abautotest de naturalisation\u00bb?<\/h2>\n\n\n\n<a class=\"gb-button gb-button-740756bd gb-button-text gb-button-303b01f0\" href=\"https:\/\/www.survey.sem.admin.ch\/index.php\/485311?lang=fr\" target=\"_blank\" rel=\"noopener noreferrer\">Donner un feedback<\/a>\n\n<\/div>\n\n<div class=\"gb-container gb-container-cf272bec\">\n\n<a class=\"gb-button gb-button-0a26fc2e gb-button-text gb-button-303b01f0\" href=\"https:\/\/beta.sem.admin.ch\/selfcheck\/fr\/\">retour \u00e0 la page d&rsquo;accueil<\/a>\n\n\n\n<div style=\"height:6px\" aria-hidden=\"true\" class=\"wp-block-spacer\"><\/div>\n\n<\/div>\n<\/div>","protected":false},"excerpt":{"rendered":"<p>La demande de naturalisation doit \u00eatre d\u00e9pos\u00e9e aupr\u00e8s de la repr\u00e9sentation suisse \u00e0 l&rsquo;\u00e9tranger. Le SEM ne met pas de formulaire de demande \u00e0 disposition.<\/p>\n","protected":false},"author":1,"featured_media":0,"parent":0,"menu_order":0,"comment_status":"closed","ping_status":"closed","template":"","meta":{"_acf_changed":false,"footnotes":""},"class_list":["post-1333","page","type-page","status-publish"],"acf":[],"_links":{"self":[{"href":"https:\/\/beta.sem.admin.ch\/selfcheck\/fr\/wp-json\/wp\/v2\/pages\/1333","targetHints":{"allow":["GET"]}}],"collection":[{"href":"https:\/\/beta.sem.admin.ch\/selfcheck\/fr\/wp-json\/wp\/v2\/pages"}],"about":[{"href":"https:\/\/beta.sem.admin.ch\/selfcheck\/fr\/wp-json\/wp\/v2\/types\/page"}],"author":[{"embeddable":true,"href":"https:\/\/beta.sem.admin.ch\/selfcheck\/fr\/wp-json\/wp\/v2\/users\/1"}],"replies":[{"embeddable":true,"href":"https:\/\/beta.sem.admin.ch\/selfcheck\/fr\/wp-json\/wp\/v2\/comments?post=1333"}],"version-history":[{"count":2,"href":"https:\/\/beta.sem.admin.ch\/selfcheck\/fr\/wp-json\/wp\/v2\/pages\/1333\/revisions"}],"predecessor-version":[{"id":4582,"href":"https:\/\/beta.sem.admin.ch\/selfcheck\/fr\/wp-json\/wp\/v2\/pages\/1333\/revisions\/4582"}],"wp:attachment":[{"href":"https:\/\/beta.sem.admin.ch\/selfcheck\/fr\/wp-json\/wp\/v2\/media?parent=1333"}],"curies":[{"name":"wp","href":"https:\/\/api.w.org\/{rel}","templated":true}]}}

<div class="gb-container gb-container-23216296 gb-container-c5638dae"></div>

<div class="gb-container gb-container-42b784f9 gb-container-7f1754a8">

<h2 class="gb-headline gb-headline-0ca29c04 gb-headline-text gb-headline-595d3662">La demande de naturalisation doit être déposée auprès de la <a href="https://www.eda.admin.ch/eda/fr/dfae/representations-et-conseils-pour-les-voyages/schweizer-vertretungen-im-ausland.html" data-type="link" data-id="https://www.eda.admin.ch/eda/fr/dfae/representations-et-conseils-pour-les-voyages/schweizer-vertretungen-im-ausland.html" target="_blank" rel="noreferrer noopener">représentation suisse à l&rsquo;étranger</a>. Le SEM ne met pas de formulaire de demande à disposition.</h2>


<div class="gb-container gb-container-7da6426f">

<h2 class="gb-headline gb-headline-4af3c7be gb-headline-text gb-headline-f649d55c"><br><strong>Votre avis est important pour nous</strong>. Comment pourrions-nous améliorer l’«autotest de naturalisation»?</h2>



<a class="gb-button gb-button-740756bd gb-button-text gb-button-303b01f0" href="https://www.survey.sem.admin.ch/index.php/485311?lang=fr" target="_blank" rel="noopener noreferrer">Donner un feedback</a>

</div>

<div class="gb-container gb-container-cf272bec">

<a class="gb-button gb-button-0a26fc2e gb-button-text gb-button-303b01f0" href="https://beta.sem.admin.ch/selfcheck/fr/">retour à la page d&rsquo;accueil</a>



<div style="height:6px" aria-hidden="true" class="wp-block-spacer"></div>

</div>
</div>

<p>La demande de naturalisation doit être déposée auprès de la représentation suisse à l&rsquo;étranger. Le SEM ne met pas de formulaire de demande à disposition.</p>
